o - 1. Let z be w(a). Suppose -t = z*t. Let m(g) = -g**2 - g + 8. Calculate m(t).
8
Suppose -19 = 560*h - 579*h. Let a(l) = 39*l - 1. Determine a(h).
38
Suppose 3*i + 10 = 5*o - i, -3*i - 7 = -4*o. Let n(s) be the second derivative of -s**3/3 - 106*s - 1. Calculate n(o).
4
Let g(q) be the first derivative of 3*q**2 + 20 - 5*q - 1/4*q**4 + 4/3*q**3. Give g(5).
0
Let a be (25/3 - 9)/(1/(-3)). Let m be a/5 + (-24)/60 + -5. Let k(f) = -f**3 - 4*f**2 + 6*f - 7. Give k(m).
-12
Let b be 1*(-22)/(6 + -4). Let z = 15 + b. Let p(v) = 0 - 1 + 1 - z*v - 2. Calculate p(-2).
6
Let p = -1364 - -1363. Let w(z) = 6*z**3 - z**2 + 3*z + 2. Determine w(p).
-8
Let j(k) = 4*k**2 + 17*k + 9. Let o(l) = -2*l**2 - 9*l - 5. Let d(u) = 4*j(u) + 7*o(u). What is d(-4)?
13
Let w(l) be the third derivative of l**5/60 - l**4/24 - 3*l**3/2 + 5*l**2. Suppose 2*k + 4 - 12 = 0. Let i be w(k). Let x(b) = -b**2 + 2*b + 1. Give x(i).
-2
Let b(t) = -t**2 + t + 1 - 13 + 15. Give b(4).
-9
Let t(w) be the first derivative of 2*w**3 - 1/4*w**4 - 7*w + 1/2*w**2 - 10. Give t(6).
-1
Let d(y) = 2 + y**2 + 7*y**2 + 2*y**3 + 4*y - 4*y**2 - y**3. Let v(j) = j - 12. Let n be v(9). Give d(n).
-1
Let u(l) = -l**3 - 11*l**2 - 14*l - 29. Let o be u(-10). Let d(g) = -g**2 + 11*g - 7. Give d(o).
-7
Let b(v) = 11*v + 43*v**2 + 10*v - 44*v**2 - 2 - 10*v. What is b(9)?
16
Let z = 811 - 798. Let u(i) = -i**3 + 14*i**2 - 14*i + 10. Calculate u(z).
-3
Let s(h) be the third derivative of -h**5/60 - h**4/3 + 3*h**2. Suppose -11*r = -8*r - 4*o + 25, 2*o + 19 = -3*r. What is s(r)?
7
Let x(o) = o**3 + o**2 + 2*o - 1. Let r be 408/153 + 1/3. Calculate x(r).
41
Let k(b) = -b**2 - 5*b + 3. Let s(x) = -3 + 4*x**3 - 5*x**3 - 5*x**2 - 5*x + 1. Suppose -z - o = 3, -o = -0*z - 2*z - 6. Let r be s(z). What is k(r)?
3
Let r(m) = 8*m**2 - 2*m + 1. Let f be (13/(-3))/((-5)/15). Suppose 5*v + 11 = -5*y - 4, 5*y - f = 2*v. Give r(y).
7
Let y be (6/9)/(2/12). Let l = -27 - -29. Let c(s) = 85*s**3 - 3*s - l + 4*s**2 + 2*s - 86*s**3. Calculate c(y).
-6
Let n(a) = 10*a. Let l = -1 - -2. Let k be 153/(-15) - l/(-5). Let o be (-6)/9 - k/6. What is n(o)?
10
Let x(j) = 1 - 5 - 8*j + 2*j**2 - 4 - 3*j**2. Let t be 2*2*(-3)/12*7. What is x(t)?
-1
Let l(a) = -a**3 + 5*a**2 - 4*a + 9. Let u be l(5). Let k = -10 - u. Let p = 3 - k. Let s(c) = c**3 - 2*c**2 + 3*c - 2. Determine s(p).
4
Let g(n) = -2*n + 55. Let o(s) = -s + 26. Let z(t) = 6*g(t) - 13*o(t). Calculate z(-4).
-12
Suppose -d = -2*w - 2, 3*d = -w + 3*w + 10. Let h(u) = 3*u**2 + 2*u - u + u - d*u**2 + 2. Calculate h(4).
-6
Let a(s) = 22*s**3 + s**2 - 12*s + 17. Let f(r) = 43*r**3 + 2*r**2 - 26*r + 37. Let t(m) = 13*a(m) - 6*f(m). Calculate t(1).
28
Let l be (-6)/(10 + -16) + 5. Suppose 0*n = 2*n - 10. Let u(q) = -9 + q - 5*q + n*q + l. Calculate u(5).
2
Let l(x) = -9*x - 15. Let h be l(-2). Let t(g) = g**3 - g + 3. Determine t(h).
27
Suppose 10 = -3*y + 5*h, 25 = -3*y - y - 5*h. Let i(r) = r**3 + 7*r**2 + 3*r + 4. What is i(y)?
39
Let t(r) = r**2 - 6*r + 1. Let a(i) = -3*i + 1 + 2 - 6. Let p(f) = -f**2 + 66*f - 562. Let w be p(56). Let d be a(w). Determine t(d).
-8
Let n(d) = -9*d - 105. Let m(s) = -s - 16. Let c(z) = 6*m(z) - n(z). What is c(7)?
30
Let c(v) = -4*v**2 + 1. Suppose l = m - 9, 3*m + 7 = 2*l + 31. Suppose 2*r = -s - 3 + m, s = 4*r - 3. Determine c(s).
-3
Let p(j) = j**2 + 8 - 10*j + 3 - 7. Determine p(7).
-17
Let w = 41 - 35. Let g(m) = -m**2 + 2*m - 3 + w*m - 7*m + 5*m. Let j = -2 - -8. Give g(j).
-3
Let v(d) = -8*d + 155. Let r be v(19). Let q(l) = -3*l**3 + 13*l**2 - 4*l - 10. Let z(x) = -x**3 + 4*x**2 - x - 3. Let y(o) = -2*q(o) + 7*z(o). What is y(r)?
-7
Let s = -225 + 225. Let h(n) = -n + 1. Determine h(s).
1
Let o(b) = 4*b**2 + 4. Let t(r) = r**2 + 1. Let i(w) = o(w) - 5*t(w). Suppose -40*z = 4*y - 41*z - 5, -y + 2 = -z. What is i(y)?
-2
Let m(g) = 29*g + 19*g - 1 - 30*g. Give m(-1).
-19
Let p be -4*((-6)/36*0 - 2). Let j(n) = n**3 - 7*n**2 - 7*n - 2. Give j(p).
6
Let l(v) = 6*v**2 + 26*v + 30. Let j be l(-2). Let w(g) be the third derivative of 0*g + 0 + 1/24*g**4 + 2*g**j - 1/6*g**3. What is w(-1)?
-2
Let d(r) = 4*r**2 - 2*r - 3. Suppose -10*j = -31*j - 42. Calculate d(j).
17
Let s(l) = l**2 - 2*l**2 + 0 + 1 + 2*l**2. Let i(w) = -w**2 + 2*w - 3. Let u be i(2). Determine s(u).
10
Let q(n) = 2*n - 559 + 3*n**2 + 559 - n**3. Let o be 12/(-15) + 4/5. Let k be o + -3*(-6)/9. What is q(k)?
8
Let n(d) = d. Let t(p) = 4*p - 1. Suppose 10 = 3*s + 37. Let x(k) = s*n(k) + 2*t(k). What is x(7)?
-9
Let l(j) = -j**2 - 4*j + 7. Suppose -6*m - 45*m - 306 = 0. Give l(m).
-5
Let f be -9 - -5 - (7 - 6). Let d(r) = r**3 + 6*r**2 + 5*r + 3. What is d(f)?
3
Let q(i) = i**2 + i. Let k(s) = 4*s**2 + 9*s - 5. Let v(t) = k(t) - 3*q(t). Let w be v(-6). Let r(m) = -5*m - m**2 - 1 + 2 + 6. Determine r(w).
7
Let r(p) = 6*p - 2. Let s be (98/(-12))/1 + 3/18. Let z be 58/(-18) + 1*s/(-36). Calculate r(z).
-20
Let k(w) = -9*w + 121. Let d be k(13). Let u(r) = r**2 - 2*r + 5. What is u(d)?
13
Let h(m) = 2*m + 7. Let p = 1564 + -1568. Give h(p).
-1
Let n(s) be the third derivative of -s**4/12 + s**3/6 + 18*s**2 + 3*s. Give n(-3).
7
Let b(j) = 2*j + 2. Let o be (-39)/5 + (-17)/85. Let s(w) = w + 2. Let n be s(o). Give b(n).
-10
Let o be 1*(3 - 5) + 0. Let a be -2*1/(2/(-2)). Let r(g) = -16*g**2 - 17*g**2 - 3*g + 30*g**a. What is r(o)?
-6
Let i(h) = 4 - 4*h**2 + 12*h**3 + 0 + 1 - 3*h**3 - 10*h**3. Suppose -2*p + 1 = -2*m - m, -5 = 5*p - 5*m. Give i(p).
5
Let h(a) = 10*a - 5. Let b(i) = -i + 1. Suppose 11 = 2*v - 1. Let u(k) = v*b(k) + h(k). Determine u(1).
5
Suppose 3*o + 15 = -2*o. Let l = 7 - 5. Let u(q) = l*q - 8*q + q**2 + 9*q. Calculate u(o).
0
Let d(w) = w - 8. Let r = 21 + -19. Let j be (0 - 12)*r/(-4). Determine d(j).
-2
Let j(s) = -s. Let v(n) = -4*n - 3. Let r = 28 - 25. Let y(b) = r*j(b) - v(b). What is y(-4)?
-1
Let r(z) = 16*z - 3. Let f be ((-3)/6)/((9 + 2)/(-22)). What is r(f)?
13
Suppose -21*j = -39*j + 72. Let t(r) = -3*r - 4. Determine t(j).
-16
Let j(i) be the third derivative of -1/12*i**4 + 1/120*i**6 + 1/6*i**3 - 1/30*i**5 + 0 + 0*i - 17*i**2. Give j(-2).
-11
Suppose 9*b - 6*b + f + 13 = 0, -3 = b - f. Let g(s) = 8*s + 30. Determine g(b).
-2
Let k(g) = -g**3 + 9*g**2 - 6*g + 16. Let x be k(9). Let l = x - -43. Let v(m) = -m**3 + 6*m**2 - 3*m - 4. Give v(l).
6
Let v(u) = u**3 + 5*u**2 + 5*u + 2. Suppose 0*q = 5*g - q + 3, -3*q - 9 = 3*g. Let x be (-22 - -7)*(0 + g). Suppose -9*l = -4*l + x. Calculate v(l).
5
Let x be 8/6*(-9)/2. Let p = 2 + 5. Let f(a) = 0 + 4 - 3 + p*a + 5 + a**2. Calculate f(x).
0
Let i(n) = n**3 + 2*n**2 - 6*n - 10. Let h(b) = b**3 - 3*b**2. Let d(f) = -2*h(f) + i(f). Give d(7).
-3
Let f(u) = -18*u**2 - u. Suppose -4*p + 20 = 104. Let z = p + 21. Suppose 2*m = -4*k, z*k + 5*k = -m - 3. Determine f(k).
-17
Let b(o) = -o. Let u(c) = 4*c + 10. Let t(a) = 5*b(a) + u(a). Suppose -11*v + 3 = -2*q - 10*v, 0 = q + 2*v - 6. Determine t(q).
10
Let n(p) = -5*p + 24. Let o(i) = -75*i + 457. Let a be o(6). Calculate n(a).
-11
Let r(v) be the third derivative of 11*v**7/840 - v**4/24 - 29*v**3/6 - 2*v**2. Let i(m) be the first derivative of r(m). Determine i(-1).
-12
Let w(x) = 4*x - 1. Suppose 5*m - 25 = -3*t, 0*t = -5*t - 2*m + 29. Let j be 26/t + 6/(-30). Let c(f) = 2*f. Let l(r) = j*c(r) - 3*w(r). Determine l(-3).
9
Let h be (-3)/2*(-10)/3. Suppose 5*n - 13 = 5*f + 17, 0 = -h*n + 4*f + 29. Let g(i) = 4*i - i**2 - 42 - 5*i**2 + i**3 + 43. What is g(n)?
-4
Let b(o) = 3 - o**3 - 9*o**2 - 7*o + 1 - 1. Let z be 1/(5 + (-82)/16). Give b(z).
-5
Let v(q) = q**3 - 5*q**2 + 3. Let x be v(5). Let y(f) = 16 - 15 - 2*f**2 + x*f**3 + 0*f**3. Let z be (-2)/(-4) + (-4)/(-8). Calculate y(z).
2
Let k be (3 + -1 + -10)/(2/2). Let h(j) = j + 18. What is h(k)?
10
Let c(z) = -z**2 + 7*z. Let b(s) = s**2 - 8*s. Let o(m) = -2*b(m) - 3*c(m). Calculate o(7).
14
Let d(s) = 2*s - 7. Let q(a) = -a**3 - 10*a**2 - 12*a - 7. Let f be q(-9). Let k be f/2 + 33/(-11). What is d(k)?
7
Let y(r) = -9*r**2 - 18*r + 43. Let d(z) = -11*z**2 - 19*z + 44. Let k(g) = -5*d(g) + 6*y(g). Calculate k(7).
-4
Let w = 470 + -475. Let g(a) = -a**3 - 4*a**2 + 4*a + 6. Determine g(w).
11
Let f(n) = 3*n + 16 - 30 + 12. Calculate f(1).
1
Let t(u) be the third derivative of -u**6/120 - u**5/12 - u**4/6 - u**3 + 49